{"id":88,"date":"2023-05-08T11:49:16","date_gmt":"2023-05-08T11:49:16","guid":{"rendered":"https:\/\/numerique.vamtam.com\/?page_id=88"},"modified":"2023-05-08T11:49:16","modified_gmt":"2023-05-08T11:49:16","slug":"blog","status":"publish","type":"page","link":"https:\/\/eurolink.digital\/index.php\/blog\/","title":{"rendered":"Blog"},"content":{"rendered":"\t\t<div data-elementor-type=\"wp-page\" data-elementor-id=\"88\" class=\"elementor elementor-88\" data-elementor-post-type=\"page\">\n\t\t\t\t\t\t<section class=\"elementor-section elementor-top-section elementor-element elementor-element-fdbc54b elementor-section-boxed elementor-section-height-default elementor-section-height-default\" data-id=\"fdbc54b\" data-element_type=\"section\">\n\t\t\t\t\t\t<div class=\"elementor-container elementor-column-gap-no\">\n\t\t\t\t\t<div class=\"elementor-column elementor-col-100 elementor-top-column elementor-element elementor-element-fd7ccb2\" data-id=\"fd7ccb2\" data-element_type=\"column\" data-settings=\"{&quot;background_background&quot;:&quot;classic&quot;}\">\n\t\t\t<div class=\"elementor-widget-wrap elementor-element-populated\">\n\t\t\t\t\t\t<div class=\"elementor-element elementor-element-caabcf9 elementor-widget elementor-widget-spacer\" data-id=\"caabcf9\" data-element_type=\"widget\" data-widget_type=\"spacer.default\">\n\t\t\t\t<div class=\"elementor-widget-container\">\n\t\t\t\t\t\t\t<div class=\"elementor-spacer\">\n\t\t\t<div class=\"elementor-spacer-inner\"><\/div>\n\t\t<\/div>\n\t\t\t\t\t\t<\/div>\n\t\t\t\t<\/div>\n\t\t\t\t<div class=\"vamtam-has-theme-widget-styles elementor-element elementor-element-4e359af elementor-grid-1 elementor-grid-tablet-1 elementor-grid-mobile-1 elementor-widget elementor-widget-loop-grid\" data-id=\"4e359af\" data-element_type=\"widget\" data-settings=\"{&quot;template_id&quot;:6723,&quot;columns&quot;:1,&quot;columns_tablet&quot;:1,&quot;_skin&quot;:&quot;post&quot;,&quot;columns_mobile&quot;:&quot;1&quot;,&quot;edit_handle_selector&quot;:&quot;[data-elementor-type=\\&quot;loop-item\\&quot;]&quot;,&quot;row_gap&quot;:{&quot;unit&quot;:&quot;px&quot;,&quot;size&quot;:&quot;&quot;,&quot;sizes&quot;:[]},&quot;row_gap_tablet&quot;:{&quot;unit&quot;:&quot;px&quot;,&quot;size&quot;:&quot;&quot;,&quot;sizes&quot;:[]},&quot;row_gap_mobile&quot;:{&quot;unit&quot;:&quot;px&quot;,&quot;size&quot;:&quot;&quot;,&quot;sizes&quot;:[]}}\" data-widget_type=\"loop-grid.post\">\n\t\t\t\t<div class=\"elementor-widget-container\">\n\t\t\t\t\t\t\t<div class=\"elementor-loop-container elementor-grid\" role=\"list\">\n\t\t<style id=\"loop-6723\">.elementor-6723 .elementor-element.elementor-element-c117f0b > .elementor-container > .elementor-column > .elementor-widget-wrap{align-content:center;align-items:center;}.elementor-6723 .elementor-element.elementor-element-c117f0b{padding:0px 0px 0px 0px;}.elementor-6723 .elementor-element.elementor-element-8edb6f2 > .elementor-element-populated{padding-block-start:0%;padding-inline-start:0%;padding-block-end:0%;padding-inline-end:10%;}.elementor-6723 .elementor-element.elementor-element-431bbeb{margin-top:0px;margin-bottom:20px;padding:0px 0px 0px 0px;}.elementor-6723 .elementor-element.elementor-element-ff53784 .elementor-element-populated a:hover{color:var( --e-global-color-vamtam_accent_1 );}.elementor-6723 .elementor-element.elementor-element-91bcd90 .elementor-heading-title{font-family:var( --e-global-typography-vamtam_primary_font-font-family ), Sans-serif;font-size:var( --e-global-typography-vamtam_primary_font-font-size );font-weight:var( --e-global-typography-vamtam_primary_font-font-weight );text-transform:var( --e-global-typography-vamtam_primary_font-text-transform );font-style:var( --e-global-typography-vamtam_primary_font-font-style );line-height:var( --e-global-typography-vamtam_primary_font-line-height );letter-spacing:var( --e-global-typography-vamtam_primary_font-letter-spacing );}.elementor-6723 .elementor-element.elementor-element-00e3c7c .elementor-button{background-color:#02010100;font-family:var( --e-global-typography-74d4df5-font-family ), Sans-serif;font-size:var( --e-global-typography-74d4df5-font-size );font-weight:var( --e-global-typography-74d4df5-font-weight );text-transform:var( --e-global-typography-74d4df5-text-transform );line-height:var( --e-global-typography-74d4df5-line-height );letter-spacing:var( --e-global-typography-74d4df5-letter-spacing );fill:var( --e-global-color-vamtam_accent_6 );color:var( --e-global-color-vamtam_accent_6 );border-style:solid;border-width:0px 0px 2px 0px;border-color:var( --e-global-color-vamtam_accent_1 );border-radius:0px 0px 0px 0px;padding:0px 0px 0px 0px;}.elementor-6723 .elementor-element.elementor-element-da4beac > .elementor-element-populated{padding-block-start:0%;padding-inline-start:19%;padding-block-end:0%;padding-inline-end:0%;}.elementor-6723 .elementor-element.elementor-element-c04cdd3 img{width:100%;height:470px;object-fit:cover;object-position:center center;border-radius:30px 30px 30px 30px;}@media(max-width:1024px) and (min-width:768px){.elementor-6723 .elementor-element.elementor-element-ff53784{width:100%;}}@media(max-width:1024px){.elementor-6723 .elementor-element.elementor-element-8edb6f2 > .elementor-element-populated{padding-block-start:0px;padding-inline-start:0px;padding-block-end:0px;padding-inline-end:15px;}.elementor-6723 .elementor-element.elementor-element-ff53784 > .elementor-element-populated{padding-block-start:0px;padding-inline-start:0px;padding-block-end:0px;padding-inline-end:15px;}.elementor-6723 .elementor-element.elementor-element-91bcd90 .elementor-heading-title{font-size:var( --e-global-typography-vamtam_primary_font-font-size );line-height:var( --e-global-typography-vamtam_primary_font-line-height );letter-spacing:var( --e-global-typography-vamtam_primary_font-letter-spacing );}.elementor-6723 .elementor-element.elementor-element-00e3c7c .elementor-button{font-size:var( --e-global-typography-74d4df5-font-size );line-height:var( --e-global-typography-74d4df5-line-height );letter-spacing:var( --e-global-typography-74d4df5-letter-spacing );}.elementor-6723 .elementor-element.elementor-element-da4beac > .elementor-element-populated{padding-block-start:0px;padding-inline-start:15px;padding-block-end:0px;padding-inline-end:0px;}.elementor-6723 .elementor-element.elementor-element-c04cdd3 img{height:45vw;}}@media(max-width:767px){.elementor-6723 .elementor-element.elementor-element-8edb6f2 > .elementor-element-populated{padding-block-start:0px;padding-inline-start:0px;padding-block-end:0px;padding-inline-end:0px;}.elementor-6723 .elementor-element.elementor-element-91bcd90 .elementor-heading-title{font-size:var( --e-global-typography-vamtam_primary_font-font-size );line-height:var( --e-global-typography-vamtam_primary_font-line-height );letter-spacing:var( --e-global-typography-vamtam_primary_font-letter-spacing );}.elementor-6723 .elementor-element.elementor-element-00e3c7c .elementor-button{font-size:var( --e-global-typography-74d4df5-font-size );line-height:var( --e-global-typography-74d4df5-line-height );letter-spacing:var( --e-global-typography-74d4df5-letter-spacing );}.elementor-6723 .elementor-element.elementor-element-da4beac > .elementor-element-populated{margin-block-start:0px;margin-inline-start:0px;margin-block-end:30px;margin-inline-end:0px;--e-column-margin-right:0px;--e-column-margin-left:0px;padding-block-start:0px;padding-inline-start:0px;padding-block-end:0px;padding-inline-end:0px;}.elementor-6723 .elementor-element.elementor-element-c04cdd3 img{height:70vw;}}<\/style>\t\t<div data-elementor-type=\"loop-item\" data-elementor-id=\"6723\" class=\"elementor elementor-6723 e-loop-item e-loop-item-988522 post-988522 post type-post status-publish format-standard hentry category-blog\" data-elementor-post-type=\"elementor_library\" data-custom-edit-handle=\"1\">\n\t\t\t\t\t<section class=\"elementor-section elementor-top-section elementor-element elementor-element-c117f0b elementor-section-full_width elementor-section-content-middle elementor-reverse-mobile elementor-section-height-default elementor-section-height-default\" data-id=\"c117f0b\" data-element_type=\"section\">\n\t\t\t\t\t\t<div class=\"elementor-container elementor-column-gap-no\">\n\t\t\t\t\t<div class=\"elementor-column elementor-col-50 elementor-top-column elementor-element elementor-element-8edb6f2\" data-id=\"8edb6f2\" data-element_type=\"column\">\n\t\t\t<div class=\"elementor-widget-wrap elementor-element-populated\">\n\t\t\t\t\t\t<section class=\"elementor-section elementor-inner-section elementor-element elementor-element-431bbeb elementor-section-full_width elementor-section-height-default elementor-section-height-default\" data-id=\"431bbeb\" data-element_type=\"section\">\n\t\t\t\t\t\t<div class=\"elementor-container elementor-column-gap-no\">\n\t\t\t\t\t<div class=\"elementor-column elementor-col-100 elementor-inner-column elementor-element elementor-element-ff53784\" data-id=\"ff53784\" data-element_type=\"column\">\n\t\t\t<div class=\"elementor-widget-wrap elementor-element-populated\">\n\t\t\t\t\t\t<div class=\"elementor-element elementor-element-91bcd90 elementor-widget elementor-widget-heading\" data-id=\"91bcd90\" data-element_type=\"widget\" data-widget_type=\"heading.default\">\n\t\t\t\t<div class=\"elementor-widget-container\">\n\t\t\t\t\t<span class=\"elementor-heading-title elementor-size-default\">September 11, 2024<\/span>\t\t\t\t<\/div>\n\t\t\t\t<\/div>\n\t\t\t\t<div class=\"elementor-element elementor-element-e3a54ba elementor-invisible elementor-widget elementor-widget-heading\" data-id=\"e3a54ba\" data-element_type=\"widget\" data-settings=\"{&quot;_animation&quot;:&quot;fadeIn&quot;,&quot;_animation_tablet&quot;:&quot;none&quot;,&quot;_animation_delay&quot;:300}\" data-widget_type=\"heading.default\">\n\t\t\t\t<div class=\"elementor-widget-container\">\n\t\t\t\t\t<h2 class=\"elementor-heading-title elementor-size-default\"><a href=\"https:\/\/eurolink.digital\/index.php\/2024\/09\/11\/zaklady-sportowe-on-line-firma-bukmacherska-1xbe\/\" target=\"_blank\">Zak\u0142ady Sportowe On-line Firma Bukmacherska 1xbe<\/a><\/h2>\t\t\t\t<\/div>\n\t\t\t\t<\/div>\n\t\t\t\t\t<\/div>\n\t\t<\/div>\n\t\t\t\t\t<\/div>\n\t\t<\/section>\n\t\t\t\t<div class=\"vamtam-has-theme-widget-styles elementor-element elementor-element-00e3c7c vamtam-has-underline-anim elementor-widget elementor-widget-button\" data-id=\"00e3c7c\" data-element_type=\"widget\" data-widget_type=\"button.default\">\n\t\t\t\t<div class=\"elementor-widget-container\">\n\t\t\t\t\t\t\t\t\t<div class=\"elementor-button-wrapper\">\n\t\t\t\t\t<a class=\"elementor-button elementor-button-link elementor-size-sm\" href=\"https:\/\/eurolink.digital\/index.php\/2024\/09\/11\/zaklady-sportowe-on-line-firma-bukmacherska-1xbe\/\">\n\t\t\t\t\t\t<span class=\"elementor-button-content-wrapper\">\n\t\t\t\t\t\t\t\t\t<span class=\"elementor-button-text\">Read full story<\/span>\n\t\t\t\t\t<\/span>\n\t\t\t\t\t<\/a>\n\t\t\t\t<\/div>\n\t\t\t\t\t\t\t\t<\/div>\n\t\t\t\t<\/div>\n\t\t\t\t\t<\/div>\n\t\t<\/div>\n\t\t\t\t<div class=\"elementor-column elementor-col-50 elementor-top-column elementor-element elementor-element-da4beac\" data-id=\"da4beac\" data-element_type=\"column\">\n\t\t\t<div class=\"elementor-widget-wrap elementor-element-populated\">\n\t\t\t\t\t\t\t<\/div>\n\t\t<\/div>\n\t\t\t\t\t<\/div>\n\t\t<\/section>\n\t\t\t\t<\/div>\n\t\t\t\t<\/div>\n\t\t\n\t\t\t\t\t\t<\/div>\n\t\t\t\t<\/div>\n\t\t\t\t<div class=\"elementor-element elementor-element-21977f4 elementor-widget elementor-widget-spacer\" data-id=\"21977f4\" data-element_type=\"widget\" data-widget_type=\"spacer.default\">\n\t\t\t\t<div class=\"elementor-widget-container\">\n\t\t\t\t\t\t\t<div class=\"elementor-spacer\">\n\t\t\t<div class=\"elementor-spacer-inner\"><\/div>\n\t\t<\/div>\n\t\t\t\t\t\t<\/div>\n\t\t\t\t<\/div>\n\t\t\t\t\t<\/div>\n\t\t<\/div>\n\t\t\t\t\t<\/div>\n\t\t<\/section>\n\t\t\t\t<section class=\"elementor-section elementor-top-section elementor-element elementor-element-f8ca060 elementor-section-boxed elementor-section-height-default elementor-section-height-default\" data-id=\"f8ca060\" data-element_type=\"section\">\n\t\t\t\t\t\t<div class=\"elementor-container elementor-column-gap-no\">\n\t\t\t\t\t<div class=\"elementor-column elementor-col-100 elementor-top-column elementor-element elementor-element-6c981bf\" data-id=\"6c981bf\" data-element_type=\"column\">\n\t\t\t<div class=\"elementor-widget-wrap elementor-element-populated\">\n\t\t\t\t\t\t<div class=\"vamtam-has-theme-widget-styles elementor-element elementor-element-ddf0549 elementor-grid-tablet-3 elementor-grid-3 elementor-grid-mobile-1 elementor-posts--thumbnail-top load-more-align-center elementor-widget elementor-widget-posts\" data-id=\"ddf0549\" data-element_type=\"widget\" data-settings=\"{&quot;vamtam_classic_columns_tablet&quot;:&quot;3&quot;,&quot;vamtam_classic_row_gap&quot;:{&quot;unit&quot;:&quot;px&quot;,&quot;size&quot;:30,&quot;sizes&quot;:[]},&quot;vamtam_classic_row_gap_tablet&quot;:{&quot;unit&quot;:&quot;px&quot;,&quot;size&quot;:20,&quot;sizes&quot;:[]},&quot;pagination_type&quot;:&quot;load_more_on_click&quot;,&quot;vamtam_classic_row_gap_mobile&quot;:{&quot;unit&quot;:&quot;px&quot;,&quot;size&quot;:20,&quot;sizes&quot;:[]},&quot;vamtam_classic_columns&quot;:&quot;3&quot;,&quot;vamtam_classic_columns_mobile&quot;:&quot;1&quot;,&quot;load_more_spinner&quot;:{&quot;value&quot;:&quot;fas fa-spinner&quot;,&quot;library&quot;:&quot;fa-solid&quot;}}\" data-widget_type=\"posts.vamtam_classic\">\n\t\t\t\t<div class=\"elementor-widget-container\">\n\t\t\t\t\t\t\t<div class=\"elementor-posts-container elementor-posts elementor-posts--skin-vamtam_classic elementor-grid\" role=\"list\">\n\t\t\t\t<article class=\"elementor-post elementor-grid-item post-988520 post type-post status-publish format-standard hentry category-blog\" role=\"listitem\">\n\t\t\t\t\t<div class=\"elementor-post__meta-data\">\n\t\t\t\t\t\t<span class=\"elementor-post-date\">\n\t\t\tSeptember 11, 2024\t\t<\/span>\n\t\t\t\t\t<\/div>\n\t\t\t\t\t<div class=\"elementor-post__text\">\n\t\t\t\t<h3 class=\"elementor-post__title\">\n\t\t\t<a href=\"https:\/\/eurolink.digital\/index.php\/2024\/09\/11\/turcja-gruzja-kursy-typy-i-promocje-mhh-mecz-euro-2024-18-06\/\" >\n\t\t\t\tTurcja Gruzja Kursy, Typy I Promocje Mhh Mecz Euro 2024 18 06\t\t\t<\/a>\n\t\t<\/h3>\n\t\t\t\t<\/div>\n\t\t\t\t<\/article>\n\t\t\t\t<article class=\"elementor-post elementor-grid-item post-988526 post type-post status-publish format-standard hentry category-blog\" role=\"listitem\">\n\t\t\t\t\t<div class=\"elementor-post__meta-data\">\n\t\t\t\t\t\t<span class=\"elementor-post-date\">\n\t\t\tSeptember 11, 2024\t\t<\/span>\n\t\t\t\t\t<\/div>\n\t\t\t\t\t<div class=\"elementor-post__text\">\n\t\t\t\t<h3 class=\"elementor-post__title\">\n\t\t\t<a href=\"https:\/\/eurolink.digital\/index.php\/2024\/09\/11\/rsmi-veb-sayt-baglayn-suertli-oednislr-guendlik-bonuslar-buetuen-bunlar-sizi-pin-up-casinoda-goezlyi\/\" >\n\t\t\t\tR\u0259smi Veb Sayt\u0131 Ba\u011flay\u0131n\ufe0f S\u00fcr\u0259tli \u00d6d\u0259ni\u015fl\u0259r, G\u00fcnd\u0259lik Bonuslar, B\u00fct\u00fcn Bunlar Sizi Pin Up Casinoda G\u00f6zl\u0259yi\t\t\t<\/a>\n\t\t<\/h3>\n\t\t\t\t<\/div>\n\t\t\t\t<\/article>\n\t\t\t\t<article class=\"elementor-post elementor-grid-item post-988499 post type-post status-publish format-standard hentry category-blog\" role=\"listitem\">\n\t\t\t\t\t<div class=\"elementor-post__meta-data\">\n\t\t\t\t\t\t<span class=\"elementor-post-date\">\n\t\t\tSeptember 10, 2024\t\t<\/span>\n\t\t\t\t\t<\/div>\n\t\t\t\t\t<div class=\"elementor-post__text\">\n\t\t\t\t<h3 class=\"elementor-post__title\">\n\t\t\t<a href=\"https:\/\/eurolink.digital\/index.php\/2024\/09\/10\/en-yaxsi-az%c9%99rbaycan-kazino-onlayn-saytlari-202\/\" >\n\t\t\t\t\u018fn Yax\u015f\u0131 Az\u0259rbaycan Kazino Onlayn Saytlar\u0131 202\t\t\t<\/a>\n\t\t<\/h3>\n\t\t\t\t<\/div>\n\t\t\t\t<\/article>\n\t\t\t\t<article class=\"elementor-post elementor-grid-item post-988501 post type-post status-publish format-standard hentry category-blog\" role=\"listitem\">\n\t\t\t\t\t<div class=\"elementor-post__meta-data\">\n\t\t\t\t\t\t<span class=\"elementor-post-date\">\n\t\t\tSeptember 10, 2024\t\t<\/span>\n\t\t\t\t\t<\/div>\n\t\t\t\t\t<div class=\"elementor-post__text\">\n\t\t\t\t<h3 class=\"elementor-post__title\">\n\t\t\t<a href=\"https:\/\/eurolink.digital\/index.php\/2024\/09\/10\/en-yaxsi-az%c9%99rbaycan-kazino-onlayn-saytlari-202-2\/\" >\n\t\t\t\t\u018fn Yax\u015f\u0131 Az\u0259rbaycan Kazino Onlayn Saytlar\u0131 202\t\t\t<\/a>\n\t\t<\/h3>\n\t\t\t\t<\/div>\n\t\t\t\t<\/article>\n\t\t\t\t<article class=\"elementor-post elementor-grid-item post-988488 post type-post status-publish format-standard hentry category-blog\" role=\"listitem\">\n\t\t\t\t\t<div class=\"elementor-post__meta-data\">\n\t\t\t\t\t\t<span class=\"elementor-post-date\">\n\t\t\tSeptember 10, 2024\t\t<\/span>\n\t\t\t\t\t<\/div>\n\t\t\t\t\t<div class=\"elementor-post__text\">\n\t\t\t\t<h3 class=\"elementor-post__title\">\n\t\t\t<a href=\"https:\/\/eurolink.digital\/index.php\/2024\/09\/10\/mostbet-enduestriyel-beton-zemin-uygulamalar\/\" >\n\t\t\t\tMostbet \u00ab End\u00fcstriyel Beton Zemin Uygulamalar\t\t\t<\/a>\n\t\t<\/h3>\n\t\t\t\t<\/div>\n\t\t\t\t<\/article>\n\t\t\t\t<article class=\"elementor-post elementor-grid-item post-988494 post type-post status-publish format-standard hentry category-blog\" role=\"listitem\">\n\t\t\t\t\t<div class=\"elementor-post__meta-data\">\n\t\t\t\t\t\t<span class=\"elementor-post-date\">\n\t\t\tSeptember 10, 2024\t\t<\/span>\n\t\t\t\t\t<\/div>\n\t\t\t\t\t<div class=\"elementor-post__text\">\n\t\t\t\t<h3 class=\"elementor-post__title\">\n\t\t\t<a href=\"https:\/\/eurolink.digital\/index.php\/2024\/09\/10\/%d8%a8%d8%b1%d9%86%d8%a7%d9%85%d8%ac-%d8%a7%d9%84%d9%85%d8%b1%d8%a7%d9%87%d9%86%d8%a7%d8%aa-%d8%a7%d9%84%d8%b1%d9%8a%d8%a7%d8%b6%d9%8a%d8%a9-%d8%aa%d8%ad%d9%85%d9%8a%d9%84-%d8%a7%d9%84%d8%aa%d8%b7\/\" >\n\t\t\t\t\u0628\u0631\u0646\u0627\u0645\u062c \u0627\u0644\u0645\u0631\u0627\u0647\u0646\u0627\u062a \u0627\u0644\u0631\u064a\u0627\u0636\u064a\u0629 \u062a\u062d\u0645\u064a\u0644 \u0627\u0644\u062a\u0637\u0628\u064a\u0642 \u0627\u0644\u0639\u0645\u064a\u0644 1xbet Co\t\t\t<\/a>\n\t\t<\/h3>\n\t\t\t\t<\/div>\n\t\t\t\t<\/article>\n\t\t\t\t<article class=\"elementor-post elementor-grid-item post-988496 post type-post status-publish format-standard hentry category-blog\" role=\"listitem\">\n\t\t\t\t\t<div class=\"elementor-post__meta-data\">\n\t\t\t\t\t\t<span class=\"elementor-post-date\">\n\t\t\tSeptember 10, 2024\t\t<\/span>\n\t\t\t\t\t<\/div>\n\t\t\t\t\t<div class=\"elementor-post__text\">\n\t\t\t\t<h3 class=\"elementor-post__title\">\n\t\t\t<a href=\"https:\/\/eurolink.digital\/index.php\/2024\/09\/10\/%d8%a8%d8%b1%d9%86%d8%a7%d9%85%d8%ac-%d8%a7%d9%84%d9%85%d8%b1%d8%a7%d9%87%d9%86%d8%a7%d8%aa-%d8%a7%d9%84%d8%b1%d9%8a%d8%a7%d8%b6%d9%8a%d8%a9-%d8%aa%d8%ad%d9%85%d9%8a%d9%84-%d8%a7%d9%84%d8%aa%d8%b7-2\/\" >\n\t\t\t\t\u0628\u0631\u0646\u0627\u0645\u062c \u0627\u0644\u0645\u0631\u0627\u0647\u0646\u0627\u062a \u0627\u0644\u0631\u064a\u0627\u0636\u064a\u0629 \u062a\u062d\u0645\u064a\u0644 \u0627\u0644\u062a\u0637\u0628\u064a\u0642 \u0627\u0644\u0639\u0645\u064a\u0644 1xbet Co\t\t\t<\/a>\n\t\t<\/h3>\n\t\t\t\t<\/div>\n\t\t\t\t<\/article>\n\t\t\t\t<article class=\"elementor-post elementor-grid-item post-988492 post type-post status-publish format-standard hentry category-blog\" role=\"listitem\">\n\t\t\t\t\t<div class=\"elementor-post__meta-data\">\n\t\t\t\t\t\t<span class=\"elementor-post-date\">\n\t\t\tSeptember 10, 2024\t\t<\/span>\n\t\t\t\t\t<\/div>\n\t\t\t\t\t<div class=\"elementor-post__text\">\n\t\t\t\t<h3 class=\"elementor-post__title\">\n\t\t\t<a href=\"https:\/\/eurolink.digital\/index.php\/2024\/09\/10\/mostbet-guevenilirmi-ile-ilgili-en-iyi-anlasma-siskom-yap-muehendisli\/\" >\n\t\t\t\t&#8220;mostbet G\u00fcvenilirmi Ile I\u0307lgili En I\u0307yi Anla\u015fma \u0646\u0647\u062f\u064a \u0644\u0644\u0627\u0633\u062a\u0634\u0627\u0631\u0627\u062a \u0627\u0644\u062a\u0639\u0644\u064a\u0645\u064a\u0629 \u0648 \u0627\u0644\u062c\u0627\u0645\u0639\u064a Siskom Yap\u0131 M\u00fchendisli\t\t\t<\/a>\n\t\t<\/h3>\n\t\t\t\t<\/div>\n\t\t\t\t<\/article>\n\t\t\t\t<article class=\"elementor-post elementor-grid-item post-988512 post type-post status-publish format-standard hentry category-blog\" role=\"listitem\">\n\t\t\t\t\t<div class=\"elementor-post__meta-data\">\n\t\t\t\t\t\t<span class=\"elementor-post-date\">\n\t\t\tSeptember 10, 2024\t\t<\/span>\n\t\t\t\t\t<\/div>\n\t\t\t\t\t<div class=\"elementor-post__text\">\n\t\t\t\t<h3 class=\"elementor-post__title\">\n\t\t\t<a href=\"https:\/\/eurolink.digital\/index.php\/2024\/09\/10\/elvana-elvis-fronted-nirvana-u\/\" >\n\t\t\t\tElvana: Elvis Fronted Nirvana U\t\t\t<\/a>\n\t\t<\/h3>\n\t\t\t\t<\/div>\n\t\t\t\t<\/article>\n\t\t\t\t<\/div>\n\t\t\t\t\t<span class=\"e-load-more-spinner\">\n\t\t\t\t<i aria-hidden=\"true\" class=\"fas fa-spinner\"><\/i>\t\t\t<\/span>\n\t\t\n\t\t\t\t<div class=\"e-load-more-anchor\" data-page=\"1\" data-max-page=\"3\" data-next-page=\"https:\/\/eurolink.digital\/index.php\/wp-json\/wp\/v2\/pages\/88\/page\/2\/\"><\/div>\n\t\t\t\t<div class=\"elementor-button-wrapper\">\n\t\t\t<a class=\"elementor-button elementor-size-sm\" role=\"button\">\n\t\t\t\t\t\t<span class=\"elementor-button-content-wrapper\">\n\t\t\t\t\t\t\t\t\t<span class=\"elementor-button-text\">Load More<\/span>\n\t\t\t\t\t<\/span>\n\t\t\t\t\t<\/a>\n\t\t<\/div>\n\t\t\t\t<div class=\"e-load-more-message\"><\/div>\n\t\t\t\t\t\t<\/div>\n\t\t\t\t<\/div>\n\t\t\t\t\t<\/div>\n\t\t<\/div>\n\t\t\t\t\t<\/div>\n\t\t<\/section>\n\t\t\t\t<\/div>\n\t\t","protected":false},"excerpt":{"rendered":"","protected":false},"author":1,"featured_media":0,"parent":0,"menu_order":0,"comment_status":"closed","ping_status":"closed","template":"","meta":{"footnotes":""},"class_list":["post-88","page","type-page","status-publish","hentry"],"_hostinger_reach_plugin_has_subscription_block":false,"_hostinger_reach_plugin_is_elementor":false,"_links":{"self":[{"href":"https:\/\/eurolink.digital\/index.php\/wp-json\/wp\/v2\/pages\/88","targetHints":{"allow":["GET"]}}],"collection":[{"href":"https:\/\/eurolink.digital\/index.php\/wp-json\/wp\/v2\/pages"}],"about":[{"href":"https:\/\/eurolink.digital\/index.php\/wp-json\/wp\/v2\/types\/page"}],"author":[{"embeddable":true,"href":"https:\/\/eurolink.digital\/index.php\/wp-json\/wp\/v2\/users\/1"}],"replies":[{"embeddable":true,"href":"https:\/\/eurolink.digital\/index.php\/wp-json\/wp\/v2\/comments?post=88"}],"version-history":[{"count":0,"href":"https:\/\/eurolink.digital\/index.php\/wp-json\/wp\/v2\/pages\/88\/revisions"}],"wp:attachment":[{"href":"https:\/\/eurolink.digital\/index.php\/wp-json\/wp\/v2\/media?parent=88"}],"curies":[{"name":"wp","href":"https:\/\/api.w.org\/{rel}","templated":true}]}}